 are the prime factors of l?
7, 11
Suppose 8*y + 78 = 14*y. Let m = -47 + 425. Suppose -5*g - y = -m. What are the prime factors of g?
73
Suppose 0 = -4*c + 3*c + 2*t - 15, -3*c = 2*t + 5. What are the prime factors of (2/c)/(((-147)/3690)/49)?
2, 3, 41
Suppose -268*j + 319*j - 938502 = 0. What are the prime factors of j?
2, 3, 3067
Let w = 5095 + -3629. Let i = -988 + w. What are the prime factors of i?
2, 239
Let s = 40 + -39. Let i be (-1 + -3 + s)*(-20)/15. What are the prime factors of 2/3*(-3)/i*-136?
2, 17
Let b(z) be the third derivative of -1/120*z**6 - 3/2*z**3 + 0*z + 0 + 46*z**2 + 5/12*z**4 + 1/30*z**5. What are the prime factors of b(-5)?
2, 29
Let z(g) = -g**3 - 5*g**2 + 25*g + 12. Let i be z(-8). Let r be -43*(i/(-7) - (-24)/(-56)). Suppose 3*x - 86 = r. What are the prime factors of x?
43
Let l(q) = -7*q + 17. Let d be l(5). Let j = d - -57. What are the prime factors of j + 7/(21/6)?
41
Suppose 88*d - 94*d = 4152. Let j = d + 848. What are the prime factors of j?
2, 3, 13
Suppose -5*f + 0*f + q = -126, 27 = f - 2*q. Suppose f*z - 11*z - 1358 = 0. List the prime factors of z.
97
Let n(s) = -742*s - 92. List the prime factors of n(-8).
2, 3, 487
Suppose 2*w - 26*v - 8 = -22*v, -4*v - 8 = 5*w. Suppose d + 1007 = s, w = s + 7*d - 2*d - 1007. List the prime factors of s.
19, 53
Suppose -4*z + 43 = -53. Suppose 32*m + 8*m - 3840 = 0. Let v = m - z. What are the prime factors of v?
2, 3
List the prime factors of 490/(-28)*(-169 - (7 - -2)).
5, 7, 89
Let z be 22 + (1 - 7) + 4. Suppose 0 = -13*d + 9*d + z. Suppose -2*s = 3*s - 4*x - 115, d*x + 120 = 5*s. List the prime factors of s.
19
Let k(w) = -21*w - 205. Let n be k(-10). Suppose 5*m - n*a = 2715, 11*m + a - 2697 = 6*m. List the prime factors of m.
2, 3, 5
Let f(i) = 8*i**2 - 4*i**2 - 2*i**3 - 3 + 5*i**3. List the prime factors of f(6).
3, 263
Let d(s) = -2*s**3 + 31*s**2 - 10*s + 2. Suppose 6*j - 633 + 555 = 0. What are the prime factors of d(j)?
3, 239
Let c(i) = -243*i - 56. Let q(r) = 49*r + 11. Let j(n) = -2*c(n) - 11*q(n). Let a = 6 + -7. List the prime factors of j(a).
2, 11
Let v be 135/90 - (-6)/4. Suppose -2*f = v*g - 358, 2*f - g - g - 378 = 0. What are the prime factors of f?
5, 37
Let u(i) = i**2 - 6. Let s be u(0). Let f be ((-4)/6)/(s/(-90)). Let c(y) = -y**3 - 10*y**2 - 8*y - 13. What are the prime factors of c(f)?
67
Suppose -263*u + 572940 = -236*u. List the prime factors of u.
2, 5, 1061
Suppose -3*h = -4*q + 23, 2*h + 4*q + 1 + 1 = 0. Let j(w) = -3*w**3 + 7*w**2 - w - 22. What are the prime factors of j(h)?
13, 41
Let x be (1/(10/8))/((-16)/(-40)). Let z(i) = 3*i + 10*i**2 - 2 + 0 + 7*i**x + 40*i**2. What are the prime factors of z(1)?
2, 29
Suppose 5*v - 2*n + 42 = 0, 4*v - 2*n = n - 28. Let s be 20/(v/195*-3). Let i = 226 - s. List the prime factors of i.
2, 3
Suppose -5*l = -2*m + 10411, -3645 = -3*m - 4*l + 12006. List the prime factors of m.
13, 401
Let i be (8/(-16))/((-2)/8). Let a be i/(-4) + (-303)/(-2). Suppose 4*q = 3*z + a, q + q + 4*z - 48 = 0. List the prime factors of q.
2, 17
Let l = -121 + 84. Let f = 1233 - 1341. Let u = l - f. List the prime factors of u.
71
Let k(r) = 263*r**3 - 4*r**2 - 2*r - 27. What are the prime factors of k(4)?
29, 577
Let q(y) = 7*y**3 + 7*y - 12. Let o(d) = 13*d**3 + 13*d - 23. Let g(f) = -6*o(f) + 11*q(f). What are the prime factors of g(-3)?
2, 3
Let r be 9/(((-2)/236)/(6/12)). Let u = r + 780. List the prime factors of u.
3, 83
Suppose -9*j = -2*u - 5*j + 10, j - 5 = 3*u. Let x be ((-26)/u)/((4 - 5)/(-39)). Let b = x + -197. What are the prime factors of b?
3, 47
Let m(p) be the second derivative of -29*p**3/6 - 4*p**2 + 209*p. What are the prime factors of m(-22)?
2, 3, 5, 7
Let p = 12492 - -12591. List the prime factors of p.
3, 929
Suppose 3*g - 2*t = 3*t + 76173, -3*g + t = -76209. List the prime factors of g.
2, 12703
Suppose -2*k = 3*t - 3, -5*k - 5 = -t - 4*t. Let q be 4/(-22) + 12/66 + k. Suppose 5*z - 2*a + 0*a - 36 = q, 0 = -2*z + 2*a + 18. List the prime factors of z.
2, 3
Suppose -10*w + 98130 = 17784 - 20734. List the prime factors of w.
2, 7, 19
Let m = -81 - -86. Suppose m + 3 = 4*a. Suppose 4*i + 2*f = 82, -4*i + i + 44 = -a*f. List the prime factors of i.
2, 3
Let o = -7168 - -21742. Suppose 0 = 24*b - o + 3918. List the prime factors of b.
2, 3, 37
Let k(t) = -40*t + 4. Let p be k(-5). Suppose -20*c + 44 = -16. Suppose p = 4*x - c*z - 133, 2*x - 151 = 5*z. What are the prime factors of x?
2, 11
Suppose -214*a + 143706 = -2975155 + 681829. List the prime factors of a.
2, 3, 13, 73
Suppose -2*k + 2 = 0, 0 = 40*l - 36*l + k - 25001. List the prime factors of l.
2, 5
Suppose 4*j - 7*z + 11*z = 0, -2*z = -3*j. Suppose 5*b - 980 + 13 = -p, j = -p - b + 959. What are the prime factors of p?
3, 11, 29
Suppose 4*m + 16*g - 21432 = 14*g, g - 21432 = -4*m. What are the prime factors of m?
2, 3, 19, 47
Suppose -123*h + 4982 = -122*h. Suppose -3438 - h = -20*o. List the prime factors of o.
421
Let y(k) = 113*k - 1808. List the prime factors of y(60).
2, 11, 113
Suppose 3 = 3*u + 2*z - 26, 4*u - 54 = 5*z. Suppose 0*t + u*t = 7975. List the prime factors of t.
5, 29
Let a be 60/(-105)*(105/(-2))/3. What are the prime factors of 1/(1/(-3415))*(-4)/a?
2, 683
Suppose 0 = 2*v - 0*v + 5*m + 1678, 3*v = m - 2500. Let y = 1523 + v. What are the prime factors of y?
13, 53
Let a(z) = -196*z + 30. Let h be a(-4). Suppose -21*m + 22139 = -h. List the prime factors of m.
1093
Let n = -77 + 75. Let d be (-2 + 0)*(-57)/n. Let o = 87 - d. What are the prime factors of o?
2, 3
Suppose -81*z + 83*z - 252 = 0. Let s = z + 188. What are the prime factors of s?
2, 157
List the prime factors of 5*28146/((-35)/(-14)*3).
2, 4691
Let m(x) be the third derivative of 10*x**2 - 1/2*x**3 + 0 - 47/8*x**4 + 0*x. What are the prime factors of m(-1)?
2, 3, 23
Let f = -756 + 1124. Suppose 0 = 5*i - 3*l - 212 - f, 0 = 2*i + l - 232. Suppose 0 = 3*z - 4*b - 73, b = 4*z + 5*b - i. What are the prime factors of z?
3
Let c = -236 + 239. Suppose -4*t + 1391 = c*r - 1443, 3*t + 4*r - 2122 = 0. List the prime factors of t.
2, 5, 71
Let d(l) = -245*l + 7. Let b be d(-10). Suppose -4*f - 17*x = -16*x - b, -5*f - 3*x + 3073 = 0. List the prime factors of f.
2, 307
Suppose 3*w = -w - 3*c + 12153, -c - 21299 = -7*w. List the prime factors of w.
2, 3, 13
Suppose 58*i - 60 = 55*i. Let d(r) = 81*r - 36. Let h be d(i). Suppose h = 5*j + 4*j. What are the prime factors of j?
2, 11
Suppose 0 = 6*i - 17 - 13. Suppose -i*c + 2 + 43 = 0. What are the prime factors of 30/((c/10)/(42/35))?
2, 5
Let y(w) = 4*w**2 + 23*w + 4. Let u be y(-6). Let m(a) = a**3 - 10*a**2 + 14*a - 5. List the prime factors of m(u).
3, 5
Suppose f + 185 = 2*g, 0*f - 345 = -4*g - 3*f. Suppose 21*z - 6*z - g = 0. Suppose 0 = -4*n + 5*c + 407, -n + z*n - 499 = 3*c. What are the prime factors of n?
2, 7
Let f(q) = 1214*q**2 - 28*q + 16. List the prime factors of f(1).
2, 601
Let u(w) = 2*w**3 + 167*w**2 + 112*w - 49. List the prime factors of u(-82).
10939
Let t(u) = 134*u**2 - 115*u + 801. List the prime factors of t(7).
2, 17, 193
List the prime factors of (-9)/(-2)*(-32052)/(-9) + (-17)/(-17).
11, 31, 47
Suppose 8*t = 18*t + 450. Let n be 1 - 3 - (9 - 1). What are the prime factors of (-1782)/t - (-6)/n?
3, 13
Let g(z) = -z - 3. Let h be g(-6). Let p = -5 + h. What are the prime factors of (-10)/(-6)*33 - p?
3, 19
Let c(l) = -l**3 - 11*l**2 + 13*l + 8. Let f be c(-12). Let u be 13*-4 - (4 + -2 + f). Let r = u - -99. What are the prime factors of r?
7
Let t = 22153 + -9969. List the prime factors of (2 - 3)/((-8)/t) + -2.
3, 13
Let u = -9489 + 49240. What are the prime factors of u?
127, 313
What are the prime factors of ((-4)/2 - 9) + 308 + 20286?
3, 2287
Let u be (69/(-6) - -1)/((-4)/8). List the prime factors of 7/(u/(-60))*90/(-24).
3, 5
List the prime factors of ((-284)/(-213))/((16/83724)/2).
2, 6977
Suppose 4*w - 2*m = -m + 7, w - 16 = 5*m. Let q be 14/42*(-6)/w. List the prime factors of 2772/(-24)*q/3.
7, 11
Suppose -p = -4*g + 59 - 7, -4*p + 72 = 4*g. Suppose 60*v - 82*v + 6160 = 0. Suppose 19*d - g*d = v. List the prime factors of d.
2, 7
Let y(m) = 26*m + 12 + 17*m + 23*m - 24. What are the prime factors of y(4)?
2, 3, 7
Let k(x) = -x**3 - 16*x**2 + 27*x + 75. Let d = -140 + 121